m(-68).
33
Let b(p) = -p**2 - 219*p - 4894. Determine b(-51).
3674
Let g(v) = 17260*v - 155342. Calculate g(9).
-2
Let m(t) = t**3 + 84*t**2 + 599*t - 19. What is m(-8)?
53
Let l(m) = 405242*m + 2026221. Calculate l(-5).
11
Let s(d) = -32050*d - 256436. Calculate s(-8).
-36
Let i(q) = -2014*q**2 + 1708*q + 1706. Give i(-1).
-2016
Let j(b) = -7*b**3 + 110*b**2 + 59*b - 435. Calculate j(16).
-3
Let h(g) = 2*g**2 + 1404*g + 75839. Determine h(-59).
-35
Let j(i) = 5*i**2 - 287*i - 575. Calculate j(57).
-689
Let y(z) = z**3 + 431*z**2 + 403*z - 11839. Calculate y(-430).
-229
Let y(t) = 17*t**2 + 1563*t - 135. Determine y(-92).
-43
Let m(z) = -152*z - 2722. What is m(-21)?
470
Let t(j) = -14*j + 1088. Determine t(43).
486
Let k(d) = 16*d**2 - 801*d + 2353. Give k(47).
50
Let m(f) = -2*f**2 + 1035*f + 34128. Calculate m(-33).
-2205
Let n(w) = 56487*w + 847302. Determine n(-15).
-3
Let j(i) = -2051*i - 7477. What is j(-4)?
727
Let t(v) = 58*v + 2680. Determine t(-50).
-220
Let c(v) = 4*v**2 + 4186*v + 137690. Determine c(-34).
-10
Let c(q) = -389315*q + 1167958. Give c(3).
13
Let z(d) = 2777*d + 10996. What is z(-4)?
-112
Let h(a) = a**3 + 134*a**2 + 797*a + 3835. What is h(-128)?
123
Let q(i) = -1075*i - 90195. Determine q(-84).
105
Let b(k) = 3*k**3 + 139*k**2 - 744*k - 55. Determine b(5).
75
Let d(a) = -a**3 + 36*a**2 + 13594*a + 450. Give d(136).
-366
Let i(q) = q**3 + 30*q**2 - 258*q + 1111. What is i(-38)?
-637
Let c(f) = f**3 + 13*f - 19. Determine c(6).
275
Let z(x) = 7*x**2 + 109*x + 38. Determine z(-7).
-382
Let h(a) = -a**2 + 385*a - 21916. Determine h(316).
-112
Let t(a) = -13*a**2 + 8902*a + 298173. Give t(-32).
-3
Let g(c) = c**2 - 99*c + 1423. Give g(80).
-97
Let i(h) = 81971*h + 245923. What is i(-3)?
10
Let c(z) = z**3 - 89*z**2 - 69*z - 1359. Calculate c(90).
531
Let g(l) = l**3 - 10*l**2 + 12178*l - 85087. Give g(7).
12
Let p(d) = 2765*d - 1172326. What is p(424)?
34
Let v(x) = x**3 - 67*x**2 - 5524*x + 430. Determine v(115).
-30
Let d(p) = -p**3 + 20*p**2 - 494*p + 6881. Determine d(16).
1
Let r(k) = -k**3 - 7*k**2 + 2*k - 27. Give r(-8).
21
Let s(i) = 12010*i + 1104922. What is s(-92)?
2
Let k(l) = -l**2 + 382328*l + 2293948. Calculate k(-6).
-56
Let t(a) = 2*a**3 - 271*a**2 + 411*a - 1094. Determine t(134).
112
Let d(h) = 12601*h + 74536. What is d(-6)?
-1070
Let x(d) = 246*d + 39052. What is x(-158)?
184
Let n(h) = -2*h**2 + 25*h - 108. Determine n(9).
-45
Let y(i) = -5251*i - 21067. What is y(-4)?
-63
Let q(y) = 5864474*y - 52780266. Calculate q(9).
0
Let t(r) = -4*r**2 + 1543*r - 10827. Determine t(7).
-222
Let w(l) = -379*l**3 + 5*l**2 + 35*l + 32. Determine w(-2).
3014
Let d(r) = 19*r**2 + 1826*r + 194. What is d(-96)?
2
Let w(j) = -2*j**2 - 118*j + 1088. What is w(8)?
16
Let x(r) = -102579*r + 8103740. What is x(79)?
-1
Let b(k) = -310*k**3 + 13*k**2. Calculate b(-1).
323
Let f(p) = -1477*p**2 + 109299*p - 71. Calculate f(74).
3
Let c(l) = -l**2 - l + 15034. Give c(123).
-218
Let p(z) = -z**3 - 89*z**2 - 17*z - 1480. What is p(-89)?
33
Let r(t) = t**3 + 1664*t**2 + 3287*t - 84. What is r(-2)?
-10
Let z(i) = -9*i**2 + 63*i - 183. Give z(29).
-5925
Let s(f) = f**2 - 11*f - 1369. Determine s(44).
83
Let j(g) = g**3 + 350*g**2 + 693*g - 1079. Give j(-348).
-35
Let a(v) = v**3 - 48*v**2 + 558*v + 225. Calculate a(22).
-83
Let s(a) = 3936*a + 110285. Determine s(-28).
77
Let i(k) = 2*k**2 + 8*k - 745. Calculate i(16).
-105
Let q(r) = 3*r**2 - 362*r - 3525. Give q(-9).
-24
Let j(c) = -c**2 + 195*c - 5188. Determine j(163).
28
Let b(v) = 2*v**3 + 25*v**2 - 135*v - 98. Determine b(-16).
270
Let u(t) = 2536*t - 7420. Calculate u(3).
188
Let g(q) = 44*q + 878. Calculate g(-19).
42
Let j(p) = 71*p**2 + 515*p + 117. What is j(-7)?
-9
Let k(c) = -960*c - 130560. Determine k(-136).
0
Let j(f) = -f**3 + 63*f**2 - 489*f + 6. Give j(9).
-21
Let v(w) = 4840*w - 121095. Give v(25).
-95
Let m(z) = 52456*z**2 + 734396*z + 149. Give m(-14).
-19
Let l(a) = -8*a**3 + 526*a**2 + 147*a - 1020. Calculate l(66).
-30
Let y(c) = c**2 - 10338*c + 3030869. Give y(302).
-3
Let p(g) = -g**3 + 15*g**2 + 202*g - 3051. What is p(14)?
-27
Let y(r) = -375*r - 25516. What is y(-67)?
-391
Let q(r) = -3303*r - 46182. Calculate q(-14).
60
Let m(d) = -6048*d + 7656734. Give m(1266).
-34
Let w(t) = t**2 - 6822*t - 130379. Calculate w(-19).
-400
Let w(d) = -d**3 - 34*d**2 + 135*d - 324. Give w(-38).
322
Let t(k) = k**3 + 40*k**2 + 250*k - 188. Determine t(-10).
312
Let q(d) = 164*d - 9042. Determine q(56).
142
Let t(o) = -1346*o - 288022. Determine t(-214).
22
Let q(c) = 2*c**2 - 10394*c + 504485. Determine q(49).
-19
Let b(v) = -29*v**3 - 662*v**2 + 107*v - 205. Calculate b(-23).
-21
Let s(r) = -6*r**2 + 889*r + 638. What is s(149)?
-107
Let i(d) = -566*d - 9722. Calculate i(-16).
-666
Let j(v) = -59*v**2 + 74*v + 280. Calculate j(-4).
-960
Let u(x) = 9979*x + 23459. Calculate u(-2).
3501
Let c(z) = 7*z**2 + 159*z - 125. Determine c(-25).
275
Let y(d) = -437*d**2 - 16606*d + 47. Calculate y(-38).
47
Let o(b) = 56103*b - 224387. What is o(4)?
25
Let g(v) = -488*v**3 + 2*v**2 + 16*v - 31. Determine g(2).
-3895
Let o(n) = -3252*n - 6386. What is o(-2)?
118
Let k(i) = 5018*i + 35128. What is k(-7)?
2
Let o(m) = 21449*m - 171637. Calculate o(8).
-45
Let s(q) = q**3 + 8*q**2 + 614*q + 4283. Give s(-7).
34
Let t(o) = -27*o**2 + 106*o - 177. Determine t(6).
-513
Let w(q) = -q**3 - 34*q**2 - 171*q + 3. Give w(-5).
133
Let z(k) = k**3 - 87*k**2 + 1112*k - 482. What is z(15)?
-2
Let p(c) = -506*c - 12125. What is p(-24)?
19
Let w(l) = -l**3 + 73*l**2 + 203*l - 4000. Determine w(75).
-25
Let x(v) = 17521*v + 402975. Calculate x(-23).
-8
Let g(r) = -68*r + 905. What is g(15)?
-115
Let b(k) = -69*k**2 - 9441*k + 1624. What is b(-137)?
-20
Let c(r) = 165*r**2 - 30717*r + 30718. Calculate c(1).
166
Let r(y) = 9*y**2 + 146*y + 933. Give r(-4).
493
Let p(a) = -1836*a + 24270. Give p(13).
402
Let q(u) = 856*u**2 + 1405*u + 1405. Give q(-1).
856
Let g(n) = 3*n**2 - 271*n - 2147. Calculate g(98).
107
Let r(a) = -7*a**2 - 443*a - 6446. Calculate r(-25).
254
Let t(y) = 1959*y + 638682. Calculate t(-326).
48
Let i(a) = -20*a**2 - 189*a + 1264. What is i(-14)?
-10
Let i(s) = s**3 + 5*s**2 - 7*s - 17. Determine i(-8).
-153
Let q(w) = -804329*w - 62737659. Calculate q(-78).
3
Let t(i) = -6827*i + 232565. Give t(34).
447
Let j(k) = -2*k**3 - 131*k**2 + k + 4179. Determine j(-65).
-111
Let o(t) = t**3 + 455*t**2 + 5310*t - 2659. Determine o(-443).
-1
Let g(x) = -339*x + 16609. Give g(49).
-2
Let o(p) = -3267*p - 244705. What is o(-75)?
320
Let u(j) = 2*j**3 - 117*j**2 + 163*j + 465. Give u(57).
9
Let n(j) = 3*j**2 - 82204*j + 328768. What is n(4)?
0
Let n(g) = 2902*g + 2836. What is n(-1)?
-66
Let q(c) = -c**2 - 715*c - 126092. What is q(-309)?
-638
Let v(f) = -153*f + 7211. Give v(43).
632
Let z(r) = r**2 + 88*r - 4067. What is z(-121)?
-74
Let r(f) = 5*f**3 + 32*f**2 - 62*f - 97. Calculate r(-8).
-113
Let h(u) = u**2 - 3777*u + 45183. Determine h(12).
3
Let n(m) = 837366*m + 1674597. Give n(-2).
-135
Let n(k) = -3557*k - 490868. What is n(-138)?
-2
Let r(s) = -s**2 + 43*s - 292. Determine r(11).
60
Let x(l) = -47*l**2 - 12384*l + 61938. Determine x(5).
-1157
Let t(l) = -82*l**3 + 7*l**2 - 962*l + 954. Calculate t(1).
-83
Let h(p) = -19397*p - 20682. Give h(-1).
-1285
Let a(t) = 2751*t - 49457. Determine a(18).
61
Let p(i) = i**3 + 41*i**2 + 83*i - 6870. Determine p(-32).
-310
Let k(b) = 7263*b + 639114. What is k(-88)?
-30
Let h(d) = -664*d - 7972. Calculate h(-12).
-4
Let g(z) = 13*z**2 + 239*z + 1026. What is g(-8)?
-54
Let z(m) = 8*m**3 + 28*m**2 - 37*m - 8. What is z(-4)?
76
Let u(b) = 50*b**2 + 5440*b + 14831. What is u(-106)?
-9
Let u(y) = -2836*y - 2861415. Determine u(-1009).
109
Let t(i) = 3*i**2 - 189*i - 386. Determine t(-2).
4
Let f(b) = 3*b**3 + 714*b**2 - 717*b - 112. Calculate f(-239).
-112
Let n(l) = -29*l**3 + 264*l**2 - 105*l + 701. Give n(9).
-1
Let r(z) = z**3 - 53*z**2 + 337*z + 1031. Give r(45).
-4
Let c(x) = -4*x**2 - 9419*x - 177780. Calculate c(-19).
-263
Let o(a) = -a**3 + 132*a**2 - 200*a - 7808. Determine o(130).
-8
Let p(v) = -v**3 + 79*v**2 + 910*v - 2050. What is p(89)?
-270
Let l(m) = 328*m - 20355. What is l(62)?
-19
Let a(g) = g**3 - 33*g**2 - 99*g - 361. D